 2496681 is divided by 2299.
2266
Calculate the remainder when 31078 is divided by 30700.
378
Calculate the remainder when 1554937 is divided by 646.
15
Calculate the remainder when 67684923 is divided by 29.
25
Calculate the remainder when 23860443 is divided by 10424.
10331
Calculate the remainder when 275380 is divided by 61.
26
Calculate the remainder when 271058 is divided by 249.
146
Calculate the remainder when 129234 is divided by 1166.
974
Calculate the remainder when 46623 is divided by 7694.
459
Calculate the remainder when 149089 is divided by 4890.
2389
Calculate the remainder when 14474559 is divided by 50.
9
Calculate the remainder when 750902 is divided by 107248.
166
What is the remainder when 68928 is divided by 317?
139
What is the remainder when 15271 is divided by 196?
179
Calculate the remainder when 737641 is divided by 1607.
28
Calculate the remainder when 18382447 is divided by 993.
31
What is the remainder when 83141819 is divided by 20785446?
35
What is the remainder when 3477054 is divided by 1765?
4
What is the remainder when 3817225 is divided by 765?
640
What is the remainder when 693774 is divided by 199?
60
Calculate the remainder when 15030430 is divided by 167004.
70
Calculate the remainder when 2400119 is divided by 295.
294
What is the remainder when 10398312 is divided by 641?
10
Calculate the remainder when 188362 is divided by 37361.
1557
Calculate the remainder when 2023127 is divided by 22990.
7
Calculate the remainder when 370413427 is divided by 8238.
8233
What is the remainder when 3892797 is divided by 432528?
45
Calculate the remainder when 24651831 is divided by 160.
151
Calculate the remainder when 33346800 is divided by 1037.
1028
What is the remainder when 4613089 is divided by 307519?
304
What is the remainder when 25898145 is divided by 959189?
42
What is the remainder when 539515 is divided by 1408?
251
Calculate the remainder when 3089206 is divided by 8.
6
What is the remainder when 267967 is divided by 231?
7
Calculate the remainder when 814955 is divided by 23969.
9
What is the remainder when 2827096 is divided by 672?
664
What is the remainder when 3650645 is divided by 454?
31
Calculate the remainder when 52768 is divided by 52574.
194
Calculate the remainder when 7392670 is divided by 796.
218
What is the remainder when 3546186 is divided by 1181356?
2118
Calculate the remainder when 6536637 is divided by 3268315.
7
What is the remainder when 2974080 is divided by 110151?
3
What is the remainder when 1666895 is divided by 415?
255
Calculate the remainder when 912592 is divided by 10529.
7098
Calculate the remainder when 364330 is divided by 1225.
505
Calculate the remainder when 306181 is divided by 1853.
436
Calculate the remainder when 8354087 is divided by 7068.
6779
What is the remainder when 35492439 is divided by 377579?
13
What is the remainder when 16497012 is divided by 219?
180
Calculate the remainder when 253131 is divided by 1315.
651
What is the remainder when 874377 is divided by 1027?
400
What is the remainder when 168267 is divided by 4632?
1515
Calculate the remainder when 2545787 is divided by 1041.
542
What is the remainder when 1010313 is divided by 1833?
330
Calculate the remainder when 391405 is divided by 195680.
45
What is the remainder when 17089833 is divided by 214?
7
What is the remainder when 5292657 is divided by 1764204?
45
What is the remainder when 457349736 is divided by 13?
12
Calculate the remainder when 5698584 is divided by 170.
14
Calculate the remainder when 66010 is divided by 21997.
19
Calculate the remainder when 8029886 is divided by 1338311.
20
Calculate the remainder when 70939371 is divided by 24.
3
Calculate the remainder when 1266436 is divided by 441.
325
What is the remainder when 392003 is divided by 369?
125
Calculate the remainder when 2506847 is divided by 20.
7
What is the remainder when 22307305 is divided by 5576824?
9
Calculate the remainder when 1143 is divided by 44.
43
Calculate the remainder when 740085 is divided by 3697.
685
What is the remainder when 233974 is divided by 77941?
151
What is the remainder when 180261017 is divided by 207?
35
What is the remainder when 146629 is divided by 3675?
3304
What is the remainder when 290345 is divided by 18138?
137
What is the remainder when 8247075 is divided by 4123515?
45
What is the remainder when 77819729 is divided by 47?
43
Calculate the remainder when 398547 is divided by 5688.
387
What is the remainder when 44361 is divided by 20678?
3005
Calculate the remainder when 1087493 is divided by 761.
24
What is the remainder when 1677623 is divided by 11898?
5
What is the remainder when 285589 is divided by 11414?
239
Calculate the remainder when 828400 is divided by 565.
110
Calculate the remainder when 3018846 is divided by 754710.
6
What is the remainder when 21725 is divided by 7073?
506
Calculate the remainder when 105681 is divided by 35147.
240
Calculate the remainder when 310538 is divided by 443.
438
What is the remainder when 1489162 is divided by 23261?
458
Calculate the remainder when 860219 is divided by 188.
119
What is the remainder when 1948571 is divided by 596?
247
Calculate the remainder when 4895262 is divided by 3136.
3102
Calculate the remainder when 463317 is divided by 324.
321
What is the remainder when 51211 is divided by 17042?
85
Calculate the remainder when 2658020 is divided by 82.
72
What is the remainder when 1231166 is divided by 1404?
1262
What is the remainder when 3095038 is divided by 26007?
205
What is the remainder when 25241 is divided by 2783?
194
What is the remainder when 2588996 is divided by 199?
6
Calculate the remainder when 9381819 is divided by 1006.
869
What is the remainder when 343412 is divided by 57204?
188
Calculate the remainder when 67244209 is divided by 14.
11
Calculate the remainder when 99714 is divided by 49099.
1516
Calculate the remainder when 337606 is divided by 56263.
28
What is the remainder when 10295964 is divided by 2573989?
8
Calculate the remainder when 172135 is divided by 85828.
479
What is the remainder when 697010 is divided by 697001?
9
Calculate the remainder when 37467 is divided by 10517.
5916
Calculate the remainder when 556323 is divided by 1107.
609
What is the remainder when 149926 is divided by 635?
66
Calculate the remainder when 383036 is divided by 357.
332
Calculate the remainder when 65588158 is divided by 164.
130
Calculate the remainder when 1218629 is divided by 373.
38
What is the remainder when 23201371 is divided by 16886?
7
Calculate the remainder when 121938 is divided by 2839.
2700
Calculate the remainder when 5599990 is divided by 560.
550
What is the remainder when 68383 is divided by 427?
63
What is the remainder when 11680950 is divided by 80?
70
Calculate the remainder when 38621122 is divided by 12873703.
13
What is the remainder when 9263847 is divided by 1264?
1255
Calculate the remainder when 1836464 is divided by 248.
24
What is the remainder when 13708813 is divided by 112?
13
Calculate the remainder when 257497 is divided by 128617.
263
Calculate the remainder when 6202593 is divided by 13876.
21
Calculate the remainder when 64378280 is divided by 56.
8
What is the remainder when 1338172 is divided by 30413?
0
What is the remainder when 18080 is divided by 17997?
83
What is the remainder when 588924 is divided by 56?
28
What is the remainder when 181894 is divided by 22?
20
Calculate the remainder when 7236101 is divided by 185.
11
Calculate the remainder when 15909163 is divided by 16.
11
Calculate the remainder when 2622765747 is divided by 550.
547
What is the remainder when 466123 is divided by 116486?
179
Calculate the remainder when 270861 is divided by 33773.
677
Calculate the remainder when 2007735697 is divided by 8075.
8072
Calculate the remainder when 767522 is divided by 383761.
0
What is the remainder when 246108 is divided by 81859?
531
What is the remainder when 5443206 is divided by 69?
3
What is the remainder when 148962 is divided by 6474?
60
What is the remainder when 55622 is divided by 11116?
42
What is the remainder when 78481281 is divided by 1265827?
7
What is the remainder when 18180 is divided by 62?
14
What is the remainder when 282902